9
Calculate -3 + 0 + (-1 - (18 + -6 - 0)).
-16
What is the value of 0 - -3 - (18 - (15 + (4 - 14)))?
-10
(-7 - (10 + 7 + -9)) + 9
-6
Calculate 0 + -13 - (-30 + (16 - 29)).
30
What is -3 + 8 + (2 - (3 - -7))?
-3
-11 + 3 + (3 - (-6 + 7))
-6
What is 21 - (-4 + 32) - -20?
13
What is -3 + (-17 - (-2 - 2))?
-16
What is the value of -75 + 51 + -4 + 3 + 3?
-22
What is the value of (-17 - (-30 + 9)) + 1 + 22?
27
-6 + (-42 - -28) + 3 + -1
-18
Evaluate -6 + (-1 - 11) + (4 - -2).
-12
What is the value of 52 - 44 - (4 - (0 + -5))?
-1
Evaluate -63 + 57 + 4 + -2 + 8.
4
((5 - 0) + -5 - 6) + 5
-1
Evaluate (-305 - -315) + (3 - 28).
-15
Evaluate -225 - -236 - (-1 + 19).
-7
(-10 - (2 - 0)) + 26
14
What is the value of (-28 - -38) + (-11 - (2 + 4))?
-7
Calculate 7 - (-8 - (3 + -7) - 1).
12
Calculate 87 + -82 + (21 - (-1 - 1)).
28
What is the value of 7 - (0 + 16 - (35 + -20 - 13))?
-7
What is 2 - 0 - (-52 - -52) - (17 + -3)?
-12
Evaluate (-12 - -6) + (-9 - -8).
-7
Evaluate -65 + -16 + (61 - 24) + (8 - 0).
-36
Evaluate (-10 - (20 + -66)) + (-7 - -4 - -3).
36
What is the value of -4 + 8 + -8 + 7?
3
Calculate -15 - -8 - -7 - (-8 + 7).
1
What is -9 + (0 - -2) + -3 + -3?
-13
What is the value of -5 - (5 + 22) - (-6 + 8 + -1)?
-33
Calculate 1 + 7 - ((17 - -6) + 9).
-24
(4 - 23) + (-2 + 9 - (17 - 12))
-17
What is 7 - 2 - (-16 + 11 + 9 - 8)?
9
30 + -56 - (-2 + (-1 + -2 - -3))
-24
What is the value of 10 - (27 - 19) - -9?
11
-14 - (-10 - 2) - 6
-8
-3 + (24 + -29 - (-5 + -2) - -5)
4
Calculate 5 + 0 - (193 - 197).
9
What is the value of -5 - (0 - -6 - (34 - 29))?
-6
-16 - ((43 - 35) + (-1 - 1 - 5))
-17
34 - 33 - (-3 + 1 + (2 - 2))
3
What is 8 - (-9 + -10 + 24 - -21)?
-18
89 + -95 - (-1 + -12)
7
What is the value of (16 - 33) + 29 - 7?
5
Calculate (49 - (12 - -23)) + 0 + 0.
14
Calculate -25 + (13 - 18) + 19.
-11
Evaluate -13 + (10 - -2) + -11.
-12
Calculate -8 - (-13 + -2 - -5) - 14.
-12
Calculate 35 + 26 + -29 - 32.
0
Calculate -25 - (-4 - (4 + 16)).
-1
What is the value of 24 + -16 + 44 + -28?
24
What is the value of (-11 - (15 + -26)) + -6 + -6?
-12
10 + 8 + -46 + -4 + 14
-18
Evaluate -10 + (-11 + 0 - (-335 + 319)).
-5
(2 - -1) + -14 - (18 - (3 + 57))
31
What is the value of (32 - 40) + (3 + 11 - -5)?
11
What is the value of (2 - (28 - 2)) + (-6 - -24) + -10?
-16
Calculate 40 - (27 - 6) - 37.
-18
Calculate (2 - 41) + 12 + 24.
-3
Evaluate -25 - (6 + (40 - 42)).
-29
Evaluate (-16 - -24) + ((1 - 3) + 3 - -4).
13
Calculate (6 - (6 - -6)) + 4 + -4 + 6.
0
What is the value of 15 + -55 + 62 + -12 + 1?
11
-28 + 21 - ((-2 - 2) + 7)
-10
-7 + 0 + -33 + -7 + 20
-27
5 + 0 + (5 - (-7 + 2 + 6))
9
Evaluate (-2 - -42) + (-14 - 2) + (253 - 248).
29
Evaluate 6 - (-5 - (-2 + -6 + 9)).
12
Calculate 7 - (-9 + 7 + -5 + 8 + -5).
11
What is the value of 17 + (-2 - (10 - 19))?
24
-8 - (-5 - 9) - 16
-10
Evaluate 18 + (17 - 10) + -40.
-15
What is (-2 - -12) + -462 + 433?
-19
Evaluate -2 - 11 - (111 - 125).
1
Evaluate 18 - (-10 + 13 + 21).
-6
Evaluate -2 + 10 + -2 + (0 - -6).
12
What is 7 - (17 + (3 - (-10 + 8 - -1)))?
-14
Calculate -4 - (-6 + -1 + (-3 - (-15 + 11))).
2
-10 + 6 + 9 + -1 + -7
-3
What is -2 - 10 - (-5 - (-1 + 8))?
0
Calculate -10 + 1 - (22 + -39).
8
Calculate 8 + (-8 - (12 - 16)).
4
What is the value of -9 + (-1 - -32 - (-25 - (-3 + -23)))?
21
Evaluate (15 - 16) + 16 + -7.
8
Evaluate (-15 - -31 - 16) + (2 + -2 - -1).
1
-7 + -20 + (28 - 12) + -6
-17
Evaluate -15 + (-36 - -44) + -17 + 4.
-20
-39 - (-11 + 13 - 10 - 5)
-26
Evaluate 14 - (-28 + 25 - -3).
14
What is 56 - 3 - 26 - 23?
4
What is the value of -3 - (2 + -2) - (-65 + 74)?
-12
What is 5 - (5 - 0) - (-2 + 3 - 3)?
2
-3 + 16 + 1 + (7 - 10) - 3
8
What is (18 - (15 + -9)) + 3 - 4?
11
4 - (11 - 11 - -6)
-2
Calculate 11 - (3 - -9) - -7.
6
-190 + 195 + (-1 - -1)
5
What is the value of -3 - -9 - (-4 - (-17 + 10))?
3
Evaluate (-1 - -3 - (-10 + 6)) + 27 + -39.
-6
Calculate -9 + (-4 + 17 + -16 - (-2 - 9)).
-1
Evaluate 1 - (2 + (-5 - -7) + 8) - -6.
-5
Calculate 3 - (6 - 2) - 2.
-3
What is the value of (2 - -15 - -11) + -11?
17
What is 16 + -1 - (38 + -9 + 0)?
-14
What is the value of (-8 + (-4 - -17) - -10) + -5?
10
Calculate (-112 - -113) + (-7 - (1 + 0 - -1)).
-8
Calculate -2 + -10 + -13 + (39 - 18).
-4
Evaluate (4 - -11 - -3) + -8.
10
What is the value of -15 + 1 + 17 + 9 + 6 + -1?
17
What is 2 + -8 + 11 + -2?
3
Calculate -2 + 6 + 17 + (-25 - -9 - -9).
14
-4 - (-7 - (8 - 15 - -1))
-3
What is the value of 8 + 32 + -35 + (-2 - (-10 + -3))?
16
Evaluate 9 + -26 - -18 - 32.
-31
What is (15 - 26) + 11 + -5 - -12?
7
29 + -25 + 4 + -20
-12
3 - 13 - (14 - 8 - 3)
-13
What is the value of -22 - (-17 + 13 + 1)?
-19
Evaluate -4 + -6 + (-5 - (-1 + -1)) + 1.
-12
What is the value of (40 - (-38 + 65)) + (0 - 49)?
-36
Calculate 105 + -96 + (-6 - 7).
-4
Calculate -4 - -3 - (-49 - -43 - (0 - 13)).
-8
Evaluate -38 + -6 + 41 + -15.
-18
What is the value of 9 + (-19 - -8) + -8 - -24?
14
Evaluate -9 + -1 + (5 - 5) + -7.
-17
-8 + 2 + 14 + -16 + 5
-3
-3 + 7 + 4 + (-5 - 15)
-12
What is the value of 7 + 4 + 9 + -20?
0
Calculate -13 + 1 + (-26 - (-22 - -12 - 6)).
-22
-95 + 82 - (-8 - -8)
-13
What is 0 + -4 - ((-3 - -13) + -19)?
5
What is the value of -8 + (-12 - -13) + 7?
0
Calculate (34 - (7 + 11 + -4)) + 7.
27
What is the value of (2 - -6) + 36 + -34?
10
-31 - (5 - 22) - (-1 + -8)
-5
What is the value of 1 - (15 + -10 + -1) - 0?
-3
What is 14 - (12 - 1 - -9)?
-6
What is -2 + 20 + 202 + -211?
9
Calculate (-91 + 76 - (1 - 5)) + 11.
0
2 + -14 + -2 - (1607 + -1648)
27
Evaluate -14 + 5 - (0 - -10 - 3).
-16
What is the value of -232 - -197 - (-5 + -33)?
3
What is the value of (8 - 47) + 20 - -27?
8
Evaluate -1 - (6 - (25 - (8 + -1))).
11
Evaluate 230 + -250 - (-2 + -28).
10
Evaluate -38 + -4 - (-38 - -13).
-17
((-4 - -6) + 7 - 1) + -10 + 6
4
Evaluate -38 + ((7 - 19) + 33 - 9).
-26
Calculate -17 - (-13 + (19 - 19)) - -2.
-2
What is (-5 - 0) + (102 - 89)?
8
Calculate (8 - (8 - -5)) + 14 - 2.
7
What is the value of 36 + -31 + (-7 - 7)?
-9
What is -6 - (-28 + 19 - (-4 + (-1 - -1)))?
-1
What is the value of 4 + -18 + 11 - ((-3 - -3) + 0)?
-3
What is the value of (11 - 1) + -14 + (-10 - -14) + 13?
13
What is the value of 2 + 4 - (-15 + 19) - (0 - 1)?
3
-32 - 2 - (-74 - -16)
24
Calculate (10 - (11 + -8 + -8) - -6) + -9.
12
-19 + (6 - 16) + 21
-8
Evaluate (-14 - (12 + -14)) + 6 - -10.
4
Evaluate (-5 - (4 - (16 - 7))) + 12.
12
What is the value of (-17 - (0 - 9)) + (2 - -18)?
12
Calculate -8 + (-2 - -7) - (3 + 2 + -3).
-5
What is the value of -83 + 84 + (0 - (2 - -2) - 2)?
-5
Evaluate (5 - (-2 + 0) - -3) + -17.
-7
Evaluate -7 + (3 - (-22 - -13)).
5
What is -13 - (-5 + 0) - (-16 + -3)?
11
Calculate 2 + 1 - (-29 - (-23 + -5)).
4
What is 5 - ((0 - 8) + 4 + 22)?
-13
(-2 - -1) + -28 + 20 + (1 - 0)
-8
What is 20 - (33 - (17 - 3))?
1
Evaluate (-7 - (5 - 17)) + (5 + -2 - -2).
10
Calculate 30 + (-3 - 2) + (-39 - -28).
14
Evaluate -5 - 23 - ((3 - -7) + -21).
-17
What is the value of (-16 - -12 - 4 - -4) + -10?
-14
Calculate -11 + 14 + (-26 - 2).
-25
What is the value of -1 - (5 + (15 - 7) + -13)?
-1
7 + (-6 - -7) - (0 + 4)
4
Evaluate -4 + (-2 - (-9 + 29)) + 6.
-20
What is the value of 4 + -5 + (-5 - -1) + 5?
0
What is 0 - -8 - 4 - (-4 - 9)?
17
What is the value of -2 + -6 + 2 - (-15 + (-7 - -29))?
-13
What is (-8 - -2) + (-21 - -16 - 13)?
-24
What is the value of 44 - (-5 + (-18 - -57))?
10
What is 3 - 6 - (27 - 30)?
0
Calculate 12 + (1 - -4 - 8 - 17).
-8
What is the value of -7 + 4 + ((-13 - -7) + -2 - -4)?
-7
What is 52 + (-31 - 24) - (1 + 1)?
-5
Calculate -28 - ((-16 - -15) + -2).
-25
What is the value of 5 - (-21 + 38 + (2 - -2))?
-16
Evaluate (5 - 26) + (37 - 33) + (5 - -1).
-11
-1 - (-6 + (1 - 2) + 8 + -6)
4
Calculate -5 + (15 - 11) + 5.
4
What is the value of -18 - (-9 - (-9 - 0) - 7)?
-11
Evaluate -4 + -8 + 12 + (-7 - (0 - -12)).
-19
What is (-18 - (-7 - 32 - -4)) + 15?
32
Calculate 6 + (6 - (-5 + 15) - (13 - 0)).
-11
Evaluate -1 + -1 - (1355 - 1384).
27
(12 + -10 - 5) + 17
14
Calculate 4 + -17 + (10 - 10).
-13
Calculate -23 + (28 - (18 - 9)).
-4
Evaluate 3 - 1 - (17 - (5 - -14)).
4
Calculate -11 + (-43 + 25 - (1 - 6)).
-24
What is the value of 2 - 1 - 5 - (-25 - (-53 + 19))?
-13
What is 10 - (2 + -4) - 4 - (-15 + 14)?
9
What is 9 - 8 - 7 - (11 - (-2 - -6))?
-13
Evaluate (-7 - 8